se
Let k = 28 + -29. Let w be 1778 - 4 - (-1 + (k - -3)). Suppose 2*y - w - 1105 = 0. Is y composite?
False
Suppose -x - 10*r = -7*r - 92351, 3*x + r = 277061. Suppose 16*o - 3758 = x. Is o composite?
False
Is (1/3)/(-33 - 93974300/(-2847705)) a prime number?
False
Is -305766*(-3)/6 - (0 - -6 - 2) prime?
True
Let b(v) = -35*v**3 + 25*v**2 - 40*v. Let l be b(-13). Suppose -31*y = 9*y - l. Is y prime?
False
Let d = -24760 - -37601. Is d composite?
False
Let x = -3794 - -4971. Is x a composite number?
True
Suppose 10*f = 9*f. Suppose f = y - 5*q - 377, -3*y + 1169 = 4*q - 0*q. Suppose -y = -c + 67. Is c a composite number?
True
Let b(r) = -420*r**3 + 2*r**2 + 6*r - 5. Let x be b(-5). Suppose 14*v + 13*v = x. Is v a prime number?
False
Suppose -54*u + 5458293 = 64*u - 91*u. Is u composite?
True
Let w(i) = i**3 + 29*i**2 + 26*i - 53. Let z be w(-28). Suppose -2*q - q + 5*m + 15938 = 0, 0 = -2*q - z*m + 10619. Is q prime?
False
Suppose -2 - 2 = -4*i, 2*g + 4*i = 26972. Let k(f) = f**2 - 8*f + 4. Let w be k(8). Suppose -w*y + g = -0*y. Is y prime?
True
Let w be (-1)/3 + (-9656)/(-51). Suppose 2*n - 4752 = -4*p, -2*p + 5*n + 2553 = w. Is p a prime number?
True
Let m = 448816 + -304457. Is m composite?
True
Suppose 3*y + 8533 = 36847. Let m = y + 3779. Is m a composite number?
False
Let o = 20051 - 14460. Is o a composite number?
False
Let g = -869467 - -1768776. Is g a composite number?
False
Let r(w) = 29*w**2 - 582*w - 30. Is r(31) a composite number?
True
Let w(k) = -349*k + 59. Let q(b) = 1046*b - 181. Let m(a) = 3*q(a) + 8*w(a). Is m(13) a composite number?
True
Let n = -4815 + 8864. Is n a prime number?
True
Let n(y) = 48503*y - 2144. Is n(5) a prime number?
True
Is ((-6)/(-15))/2 - 377058024/(-630) a composite number?
True
Let y(q) = q + 2. Let u be y(-2). Suppose -46 = -18*b + 44. Suppose u = b*n + 626 - 2881. Is n prime?
False
Let r be (-2)/((-9)/(396/8)) + 0. Suppose -7*x = -r*x - 4*p + 90468, -20 = -5*p. Is x a prime number?
True
Suppose 0 = 4*p - q - 1243710, 5*q = -5*p + 1107673 + 446952. Is p prime?
True
Let w(d) = -1990*d**3 - 4*d**2 + 55*d + 291. Is w(-4) prime?
False
Let i = -98323 - -773916. Is i a composite number?
False
Is (-511334)/(-14) + (-168)/196 a composite number?
False
Suppose -2*y = 3*t - 2670433, -3*y = 34*t - 32*t - 1780282. Is t composite?
False
Let q = 21777 + 51232. Is q a composite number?
False
Let c(a) = -14092*a + 2459. Is c(-6) a composite number?
False
Let n(h) = 3*h**2 - 8*h - 17. Suppose 5*p - 6 = -5*g + 2494, 495 = g + 2*p. Let c be ((-2)/(-5))/(-4 + g/125). Is n(c) a composite number?
True
Let s be 6/4 + -1 + (-4599)/42. Let x = s + 113. Suppose w - 3*w + 392 = 5*q, 5*w - 947 = x*q. Is w prime?
True
Suppose -5*k + 4*i + 0*i - 5322 = 0, -k + i = 1064. Let b = k + 1964. Suppose 29*q + b = 31*q. Is q prime?
True
Is (-48)/(-144)*(2 + 285931) composite?
False
Suppose -2*f - 3*o = 19188, -2*f + 2*o - 38408 = 2*f. Let a = -4567 - f. Is a a prime number?
False
Suppose -2*f = 3*n + 21, 5 = 3*f - n + 9. Is ((-570342)/12 - 2)*2/f a prime number?
True
Let l(u) = 401*u**2 - 2*u + 1. Let b be l(1). Let w be 252/48*8/(-6). Let p = b - w. Is p a composite number?
True
Suppose -4*g - 2*g = 24. Let b be (g - -3 - (-3)/1) + -2. Suppose -6*d = -b*d - 1578. Is d a composite number?
False
Is 19584 + (33*(-5)/105 - 4/(-7)) composite?
False
Let a(d) = -307*d + 763. Is a(-48) composite?
True
Let s = 51 - 45. Suppose -7*r = s*r - 32240. Is (-3*(-2 - r/(-12)))/(-2) a prime number?
True
Is (5 - (13 + -19)/(4/(-6))) + 61223 composite?
True
Suppose -38*g + 6*g + 1292960 = 0. Is g prime?
False
Suppose 2494*k + 1006951 = 2505*k. Is k a composite number?
False
Let j be (-1600)/(-2) + (-2)/1. Suppose 26*a = 37*a - 132. Suppose 6*c - a*c = -j. Is c a prime number?
False
Suppose -d + 2*x + 8513 = 0, 67*d + 42475 = 72*d + 5*x. Is d a composite number?
False
Suppose -18*l = -3*l. Suppose 90*f - 83*f - 11557 = l. Is f prime?
False
Let b(o) = 979*o**3 + 3*o**2 + o + 38. Is b(9) composite?
False
Is 16/72 + (-55695040)/(-90) + -1 prime?
True
Let b(c) = -c**2 - 33*c. Let m be b(0). Suppose m = k + 2*i - 5199, -2*k + 14139 = 3*i + 3743. Is k composite?
True
Suppose 134*c + 3080061 = 3*v + 137*c, 4*v - c - 4106728 = 0. Is v a composite number?
True
Is (-4)/18 + ((-89760)/(-81))/((-11)/(-165)) a prime number?
False
Suppose 0 = 104*h - 64*h - 325720. Is h prime?
False
Suppose -1618075 + 7600866 = 275*r - 8644184. Is r a prime number?
True
Suppose -322455 = -5*j - 5*c + 1008120, -2*c + 4 = 0. Is j prime?
False
Let d = 414349 - 288546. Is d a prime number?
True
Let n(d) = 4*d**3 + 7*d**2 + 2*d - 4. Let i be n(-2). Let q(x) = 31*x**2 + 22*x + 119. Is q(i) composite?
True
Let k(g) = -1704*g + 128. Let a be k(-17). Suppose -4*m + 42*s = 38*s - a, s = 5. Is m a prime number?
False
Let d = -67779 + 22842. Let x = d - -76616. Is x a composite number?
True
Let g(n) = 510*n - 23. Suppose -21 = -5*h - 4*m, -h = -0*m + 3*m - 2. Suppose 2 = h*x - 28. Is g(x) a composite number?
False
Suppose -1783*m = -1771*m - 475764. Is m composite?
True
Let o = 450263 + -168468. Is o prime?
False
Let g(s) = 6*s + 410. Let w be g(-22). Let d be -66 + (-1*1)/1. Let t = d + w. Is t prime?
True
Let k = 16482 + -9103. Is k composite?
True
Let j = 15855 - 10346. Is j a composite number?
True
Let v be -3 - 0 - (-2 + 1)*2575. Suppose 3460 = 4*h + 2*q - q, 0 = 3*h - 5*q - v. Let f = h - 461. Is f prime?
False
Let d(s) = -7*s**2 - 76*s + 33. Let i(u) = -u**2 - 17*u + 23. Let t be i(-18). Let o(k) = 11*k**2 + 114*k - 49. Let x(y) = t*o(y) + 8*d(y). Is x(-16) prime?
False
Suppose 36148 = -2*a + 4*a. Suppose 2*c = 4102 - a. Is ((-6)/(-4))/((-21)/c) a prime number?
True
Suppose -3*x - 4*x = 0. Suppose -3*g - 5*v + 14214 = -8*v, x = 4*g + 2*v - 18934. Is g a prime number?
False
Let a(j) = 0 - 36*j**2 + 188 + 21*j + 40*j**2. Is a(-30) prime?
False
Let h be (48/(-60))/(2/(-5)) - -6. Is (-1)/h - 1169/(-16)*18 prime?
False
Suppose 10*w - 17*w = -3955. Suppose -12*i = -13*i - 294. Let b = w + i. Is b a composite number?
False
Let m be (28/(-10))/((-20)/50). Suppose 144*x - 145*x = -m. Suppose -3*k = -x*k + 5*i + 2373, 5 = -i. Is k a prime number?
True
Suppose z + 36*f - 182833 = 33*f, f - 182845 = -z. Is z composite?
False
Suppose 197*n = 200*n + 3528. Let t = 1531 - n. Is t prime?
True
Let w(d) = 290*d - 115 - 1287*d - 217*d. Is w(-3) a composite number?
False
Suppose f + 2*f = 4785. Let s(y) = -y**2 - 15*y - 806. Let r be s(0). Let t = f + r. Is t a prime number?
False
Let y = -21256 - -30384. Let n = y + -5155. Is n a composite number?
True
Let l = -3919 - -4992. Is l a composite number?
True
Suppose h + 2*j = 295942, -179819 - 116105 = -h - 5*j. Is h composite?
True
Let s = -67 + 76. Is (43505/(-15) + 1)/((-6)/s) a prime number?
True
Let b = -20200 + 39273. Suppose -7*j - 3820 = -b. Is j a composite number?
False
Let l(b) = 9*b + 125 + 105*b**3 - 3*b**2 - b**2 - 138 + 3*b**2. Is l(2) composite?
True
Let y(p) = -9*p**3 - 10*p**2 + 29*p + 7. Let r be y(-13). Let u = -11664 + r. Is u a prime number?
False
Let f(b) be the first derivative of -205*b**2/2 + 4*b - 4. Let c be f(-1). Let d = -115 + c. Is d prime?
False
Suppose -24*k = 4771 - 241555. Suppose 6*o = k + 19300. Is o prime?
True
Is ((-20)/3)/((-124)/61112811) composite?
True
Let l(m) = 127823*m + 9917. Is l(6) prime?
False
Suppose -j - 8 = -3*j. Suppose -2*l = j*l - 6366. Is l prime?
True
Suppose -4*v = 3*j - 7, -5*j + 5*v = -0*j + 35. Let b(z) = 16*z - 13. Let k be b(19). Is k + j/((-9)/6) composite?
False
Suppose -2*v = 2*q - 103906, 13*v = 11*v + 2*q + 103914. Is v composite?
True
Let o(r) = 6*r - 10 + 8*r**2 + 5*r**3 + 4*r**2 - 6*r**3. Let n be (-27)/(-378)*98 - (-3 - 1). Is o(n) a prime number?
False
Suppose 207*v - 69*v = 10886199 - 1972641. Is v composite?
False
Let k be (-61480)/(-90) + 0 - 2/18. Suppose -s = 3*o - k, 29*s - 25*s - o - 2732 = 0. Is s prime?
True
Let y(g) = -100*g + 1. Let t(b) = -101*b + 1. Let u(h) = 4*t(h) - 5*y(h). Is u(8) composite?
True
Suppose -120*n - 238812 = -123*n. Suppose n + 86683 = 33*c. Is c a composite number?
False
Let v = -12 + 21. Suppose v*p - 25 - 2 = 0. Is (p + 0 + -1474)*-1 composite?
False
Let t = 46642 - -87655. Is t a prime number?
False
Let c = 667 + -592. Let t(b) = -b**2 + 369. Let z b